{"id":312,"date":"2025-09-12T09:35:29","date_gmt":"2025-09-12T09:35:29","guid":{"rendered":"https:\/\/enirdelm.uniri.hr\/?page_id=312"},"modified":"2025-09-24T19:15:38","modified_gmt":"2025-09-24T19:15:38","slug":"day-1-i-thursday-25th-september-2025","status":"publish","type":"page","link":"https:\/\/enirdelm.uniri.hr\/?page_id=312","title":{"rendered":"Conference Program"},"content":{"rendered":"\r\n<p class=\"is-style-text-subtitle is-style-text-subtitle--1\"><span style=\"color: #365f91;\">Day 1 <span style=\"color: #e36c0a;\">|<\/span> THURSDAY, 25th September 2025<\/span><\/p>\r\n\r\n\r\n\r\n<p><span style=\"color: #365f91;\"><strong>Preconference activities<\/strong><\/span><\/p>\r\n\r\n\r\n\r\n<figure class=\"wp-block-table\">\r\n<table>\r\n<tbody>\r\n<tr>\r\n<td><span style=\"color: #365f91;\"><strong>9.00 \u2013 10.30<\/strong><\/span><\/td>\r\n<td><span style=\"color: #e36c0a;\"><strong>PhD workshop<\/strong> <strong>Rasa Nedzinskait\u0117-Ma\u010di\u016bnien\u0117, Vytautas Magnus University:<\/strong><\/span> <br \/><span style=\"color: #365f91;\"><strong>Doing More with Less: How AI is Shaping Systematic Literature Review<\/strong><\/span><\/td>\r\n<td>FFRI 301<\/td>\r\n<\/tr>\r\n<tr>\r\n<td><span style=\"color: #365f91;\"><strong>9.30 \u2013 11.30<\/strong><\/span><\/td>\r\n<td><span style=\"color: #e36c0a;\"><strong>NEPC General Assembly<\/strong><\/span><\/td>\r\n<td>FFRI 302<\/td>\r\n<\/tr>\r\n<tr>\r\n<td><span style=\"color: #365f91;\"><strong>10.30 \u2013 11.30<\/strong><\/span><\/td>\r\n<td><span style=\"color: #e36c0a;\"><strong>ENIRDELM Board meeting<\/strong><\/span><\/td>\r\n<td>FFRI 303<\/td>\r\n<\/tr>\r\n<\/tbody>\r\n<\/table>\r\n<\/figure>\r\n\r\n\r\n\r\n<p><span style=\"color: #365f91;\"><strong>Conference<\/strong><\/span><\/p>\r\n\r\n\r\n\r\n<figure class=\"wp-block-table\">\r\n<table>\r\n<tbody>\r\n<tr>\r\n<td><span style=\"color: #365f91;\"><strong>10.00 \u2013 18.00<\/strong><\/span><\/td>\r\n<td>Registration<\/td>\r\n<td>FFRI Ground Floor<\/td>\r\n<\/tr>\r\n<tr>\r\n<td><span style=\"color: #365f91;\"><strong>12.00 \u2013 12.30<\/strong><\/span><\/td>\r\n<td><span style=\"color: #e36c0a;\"><strong>Opening<\/strong><\/span><\/td>\r\n<td rowspan=\"2\">Innova Lab<\/td>\r\n<\/tr>\r\n<tr>\r\n<td><strong>1<span style=\"color: #365f91;\">2.30 \u2013 13.30<\/span><\/strong><\/td>\r\n<td><span style=\"color: #365f91;\"><span style=\"color: #e36c0a;\"><strong>Keynote<\/strong> <\/span><br \/><span style=\"color: #e36c0a;\"><strong>Ciaran Sugrue, University College Dublin: <\/strong><\/span><strong>Building Sustainable Professionally Responsible Communities-Back to the Future<\/strong><br \/><br \/><strong>Introduction by <\/strong><strong>Jasna Kova\u010devi\u0107, University of Sarajevo<\/strong><\/span><\/td>\r\n<\/tr>\r\n<tr>\r\n<td><span style=\"color: #365f91;\"><strong>13.30 \u2013 15.00<\/strong><\/span><\/td>\r\n<td><span style=\"color: #000000;\">Lunch<\/span><\/td>\r\n<td>\u00a0<\/td>\r\n<\/tr>\r\n<tr>\r\n<td colspan=\"3\"><span style=\"color: #e36c0a;\"><strong>Parallel sessions<\/strong><\/span><\/td>\r\n<\/tr>\r\n<tr>\r\n<td><span style=\"color: #365f91;\"><strong>15.00 \u2013 16.00<\/strong><\/span><\/td>\r\n<td><span style=\"color: #e36c0a;\"><strong>Symposium<\/strong> FabLed: Resilient Educational Institutions through Learning Community Structures \u00a0<\/span> <br \/>Mika Risku, Institute of Educational Leadership, University of Jyv\u00e4skyl\u00e4, Finland; Darshan Bhat, Creatnet Education, India; Katherine Edersheim, Impatrics, USA; Mohita Jaiswal, Creatnet Education, India; Vasudha Kapoor, Mera GaonMeri Dunia, India<\/td>\r\n<td>Innova Lab<\/td>\r\n<\/tr>\r\n<tr>\r\n<td><span style=\"color: #365f91;\"><strong>15.00 \u2013 16.30<\/strong><\/span><\/td>\r\n<td>\r\n<p><span style=\"color: #e36c0a;\">Collaborative Practices in Crisis: School Leaders\u2019 Experiences in Building Institutional Resilience<\/span> <br \/>Rasa Nedzinskait\u0117-Ma\u010di\u016bnien\u0117, Vytautas Magnus University, Education Academy, Lithuania; Vaida Jurgil\u0117, Vytautas Magnus University, Education Academy, Lithuania\u00a0\u00a0<\/p>\r\n<p><span style=\"color: #e36c00;\">Support for the Protection and Integration of Children and Families in Migration in Croatia<\/span> \u00a0<br \/>Sanja McMurtry, Agency for Education and Training, Croatia \u00a0<\/p>\r\n<p><strong>Moderator: Eija Hanhimaki, University of Jyv\u00e4skyl\u00e4, Finland<\/strong><\/p>\r\n<\/td>\r\n<td>FFRI 301<\/td>\r\n<\/tr>\r\n<tr>\r\n<td><span style=\"color: #365f91;\"><strong>15.00 \u2013 16.30<\/strong><\/span><\/td>\r\n<td>\r\n<p><span style=\"color: #e36c00;\"><strong>Poster Session <\/strong><\/span><\/p>\r\n<\/td>\r\n<td>FFRI 302<\/td>\r\n<\/tr>\r\n<tr>\r\n<td><span style=\"color: #365f91;\"><strong>15.00 \u2013 16.30<\/strong><\/span><\/td>\r\n<td>\r\n<p><span style=\"color: #e36c0a;\">The Effects of the Coaching Skills and Tools Training Programme on School Leadership<br \/><\/span>Tatjana A\u017eman, National Education Institute Slovenia; Mihaela Zava\u0161nik<strong>, <\/strong>National Education Institute, Slovenia \u00a0<\/p>\r\n<p><span style=\"color: #e36c0a;\">Building Leadership Capacity in ECE Multiprofessional Teams: What Do Educators Know and Need?<\/span>\u00a0 <br \/>Ilze Ivanova, University of Latvia, Latvia; Kaspars Kiris, University of Latvia, Latvia \u00a0<\/p>\r\n<p><strong>Moderator: Vlatka Domovi\u0107, University of Zagreb<\/strong><\/p>\r\n<\/td>\r\n<td>FFRI 303<\/td>\r\n<\/tr>\r\n<tr>\r\n<td><span style=\"color: #365f91;\"><strong>17.30 -19.30<\/strong><\/span><\/td>\r\n<td><span style=\"color: #e36c0a;\"><strong>Reception<\/strong><\/span><\/td>\r\n<td>InnovaLab<\/td>\r\n<\/tr>\r\n<\/tbody>\r\n<\/table>\r\n<\/figure>\r\n\r\n\r\n\r\n<div class=\"wp-block-buttons is-content-justification-center is-nowrap is-layout-flex wp-container-core-buttons-is-layout-12a27398 wp-block-buttons-is-layout-flex\">\r\n<div class=\"wp-block-button is-style-fill\"><a class=\"wp-block-button__link has-background wp-element-button\" style=\"background-color: #e46c0a;\" href=\"https:\/\/enirdelm.uniri.hr\/?page_id=22\">Back to Conference Program<\/a><\/div>\r\n\r\n\r\n\r\n<div class=\"wp-block-button is-style-fill\"><a class=\"wp-block-button__link has-background has-text-align-left wp-element-button\" style=\"background-color: #365f91;\" href=\"https:\/\/enirdelm.uniri.hr\/?page_id=315\">Day 2<\/a><\/div>\r\n<\/div>\r\n","protected":false},"excerpt":{"rendered":"<p>Day 1 | THURSDAY, 25th September 2025 Preconference activities 9.00 \u2013 10.30 PhD workshop Rasa Nedzinskait\u0117-Ma\u010di\u016bnien\u0117, Vytautas Magnus University: Doing More with Less: How AI is Shaping Systematic Literature Review FFRI 301 9.30 \u2013 11.30 NEPC General Assembly FFRI 302 10.30 \u2013 11.30 ENIRDELM Board meeting FFRI 303 Conference 10.00 \u2013 18.00 Registration FFRI Ground [&hellip;]<\/p>\n","protected":false},"author":2,"featured_media":0,"parent":0,"menu_order":0,"comment_status":"closed","ping_status":"closed","template":"","meta":{"footnotes":""},"class_list":["post-312","page","type-page","status-publish","hentry"],"_links":{"self":[{"href":"https:\/\/enirdelm.uniri.hr\/index.php?rest_route=\/wp\/v2\/pages\/312","targetHints":{"allow":["GET"]}}],"collection":[{"href":"https:\/\/enirdelm.uniri.hr\/index.php?rest_route=\/wp\/v2\/pages"}],"about":[{"href":"https:\/\/enirdelm.uniri.hr\/index.php?rest_route=\/wp\/v2\/types\/page"}],"author":[{"embeddable":true,"href":"https:\/\/enirdelm.uniri.hr\/index.php?rest_route=\/wp\/v2\/users\/2"}],"replies":[{"embeddable":true,"href":"https:\/\/enirdelm.uniri.hr\/index.php?rest_route=%2Fwp%2Fv2%2Fcomments&post=312"}],"version-history":[{"count":10,"href":"https:\/\/enirdelm.uniri.hr\/index.php?rest_route=\/wp\/v2\/pages\/312\/revisions"}],"predecessor-version":[{"id":366,"href":"https:\/\/enirdelm.uniri.hr\/index.php?rest_route=\/wp\/v2\/pages\/312\/revisions\/366"}],"wp:attachment":[{"href":"https:\/\/enirdelm.uniri.hr\/index.php?rest_route=%2Fwp%2Fv2%2Fmedia&parent=312"}],"curies":[{"name":"wp","href":"https:\/\/api.w.org\/{rel}","templated":true}]}}